3*l + 18 = 0. What is the remainder when w(x) is divided by 19?
16
Let d = 6 - 4. Suppose 0 = -8*c + d*c + 186. Suppose m - c = -10. What is the remainder when 83 is divided by m?
20
Suppose -l + 25 = -n + 3, 0 = -l - n + 32. What is the remainder when l is divided by 13?
1
Let q be (9/36)/((-2)/8). Let h be q*2 - (-5)/(-5). What is the remainder when h*(-2 + 4/3) is divided by 1?
0
Let m(k) = 24*k**2 - 2. Let t = 163 + -144. Calculate the remainder when m(2) is divided by t.
18
Suppose -a - a = -12. Let l be 15 - (-3 - (-2 - 4)). Calculate the remainder when a is divided by 4/(-3)*(-18)/l.
0
Let p be (-19)/(-4) + (-13)/(-52). Suppose 81 = 2*b - p*q, -4*b - 18 + 159 = -3*q. Calculate the remainder when 163 is divided by b.
31
Suppose 2*f - 4*j - 300 = -0*j, -f - 3*j + 130 = 0. Suppose 23 = 5*h - f. Suppose -5*m = -12 - 78. Calculate the remainder when h is divided by m.
15
Let p = -222 + 248. Calculate the remainder when 285 is divided by p.
25
Let z(v) = -v**2 + 14*v + 477. Calculate the remainder when 46 is divided by z(29).
4
Let p = 80 + -67. What is the remainder when (-5 + 8 + p)/2 is divided by 2?
0
Let z(g) = -5*g - 5. Let t(f) = -5*f + 33. Let k be t(9). Calculate the remainder when (124/k)/((-2)/6) + -3 is divided by z(-4).
13
Suppose 0 = 3*z - a + 2*a + 4, -2*z - a = 4. Suppose -75 = -z*k - 5*k. Suppose -k*j - 10 = -17*j. Calculate the remainder when j is divided by 3.
2
Suppose -3*b = -b. Suppose 3*v - 69 = -3*h, b = 3*h - 0*h - 12. What is the remainder when v is divided by 9 + 1 - 0/(-1)?
9
Let v = 9 - 25. Calculate the remainder when 58 is divided by (-12)/14*(2 + v)*1.
10
Suppose -2*i - 3*p + 25 = 0, -3*i = p + 17 - 58. What is the remainder when 111 is divided by i?
13
Let n(l) = 25*l + 110. Calculate the remainder when 1107 is divided by n(-4).
7
Let l(h) = -4*h - 1. Let x be l(-1). Let w(d) = -4*d + 32. Let c be w(-18). Calculate the remainder when 33 is divided by 1/x + c/12.
6
Let f = -118 + 109. Suppose 0*q = -q + 5*s + 18, -s - 42 = -5*q. What is the remainder when 30*f/15*-1 is divided by q?
2
Suppose -2*x + 248 = -180. Calculate the remainder when x is divided by 36.
34
Let v(h) = -32 + 4*h + 10*h + 45*h - 14*h. Calculate the remainder when v(5) is divided by 65.
63
Let v(q) = q**3 + 8*q**2 + 26*q + 82. What is the remainder when 377 is divided by v(-4)?
41
Suppose d + 2*o = 3, -3 = d - 2*d - 3*o. Let f(g) = -3*g - 7. Suppose -16 = -4*u, 3*c = -c + 5*u - 36. Calculate the remainder when f(c) is divided by d.
2
Let p = -17 - -11. Calculate the remainder when (17/(-3))/((-3)/9) is divided by (p - -4)/((-2)/5).
2
Suppose 2*y = -4*w + 284, -26*y - 4 = -25*y. Calculate the remainder when w is divided by 19.
16
Let a(j) = -j**2 - 9*j + 7. Suppose 5*q - 5 = 0, 8 = 3*t + 5*q + 30. What is the remainder when 13 is divided by a(t)?
6
Let b be 1/(-3) + (-268)/(-12). Suppose 2*g + g - 5*w = 17, 3*g - 4*w = b. Calculate the remainder when g is divided by (-4 + -1)/(2 - 3).
4
Let l = 79 + -7. Let w = l + -11. Let c = 38 + w. What is the remainder when c is divided by 34?
31
Suppose 20*k - 102 = 138. Calculate the remainder when 1114 is divided by k.
10
Suppose -42 - 14 = 4*a. Let i = 17 + a. What is the remainder when 10 is divided by i?
1
Let q(y) = -5*y - 5. Suppose g - u - 2 = 0, -3*u + 4 = 3*g - g. Suppose 106 = 4*m + a + a, -4*a = -g*m + 58. What is the remainder when m is divided by q(-4)?
12
Suppose 8*s + 8*s - 800 = 0. What is the remainder when s is divided by 9?
5
Let b(y) = -11*y - 5. Let s be b(2). What is the remainder when 33 is divided by (-5)/15*1*s?
6
Suppose 2*h = 242 - 216. Let p(g) = -g**3 - 14*g**2 + 20*g. What is the remainder when p(-16) is divided by h?
10
Suppose -240*g + 235*g + 350 = 0. What is the remainder when g is divided by 25?
20
Let z(s) = -s**3 + 7*s**2 + 3*s - 15. What is the remainder when 10 is divided by z(7)?
4
Suppose 3*i - i - 8 = 0. Suppose 14 + i = 6*v. Let p(o) = o + 5. What is the remainder when v is divided by p(-3)?
1
Let h be (17 - 14)/(-2 - -3). Calculate the remainder when 8/h*(-1176)/(-16) is divided by 50.
46
Suppose -20*u + 11*u + 2754 = 0. What is the remainder when u is divided by 28?
26
Let h = -26 + 120. Let m = 171 - h. What is the remainder when m is divided by 20?
17
Suppose -2*a + 6*a - 16 = 0. Suppose 0 = -a*y + 10*y. Suppose -2*v = -y*v - 36. Calculate the remainder when 49 is divided by v.
13
What is the remainder when -2 - (-6 - -7) - -24 is divided by 4?
1
Let d(z) = -30*z - 69. What is the remainder when d(-7) is divided by 37?
30
Calculate the remainder when -4 + 3 + 4 - (-174 + -4) is divided by 48.
37
Suppose 140*i - 2*j = 141*i - 32, i - 44 = 4*j. What is the remainder when 63 is divided by i?
27
Let d = -125 + 245. Suppose 335 = 5*g + d. Suppose 6*b - 5*b = -3*c + g, 5*c - 5*b - 85 = 0. What is the remainder when 27 is divided by c?
12
Let x = -57 + 247. Let c = -80 + 195. Let z = x - c. Calculate the remainder when z is divided by 13.
10
Let n = 433 - 426. Let p be -3*32/(-3)*1. Calculate the remainder when (p/20)/((-4)/(-30)) is divided by n.
5
Suppose -3*i + 29 = -256. Suppose 0 = 3*z + 3*j - 87, j + 21 = -3*z + 98. What is the remainder when i is divided by z?
23
Suppose -3*t = -4*z - 259, 3*z - 13 = 2. Suppose 4*f - t = 111. What is the remainder when f is divided by (-10)/(-4)*(-26)/(-5)?
12
Let k(b) = 0*b - 81*b**2 - b**3 + b + 83*b**2 + 4. What is the remainder when k(-3) is divided by 8?
6
Suppose -163 = 4*o - 719. What is the remainder when o is divided by 38?
25
Suppose 54*d + 6*d = 11220. What is the remainder when d is divided by 50?
37
What is the remainder when 4 is divided by (0*5/(-10))/4 - -1?
0
Let k = 579 - 287. What is the remainder when k is divided by 42?
40
Let i = -11 + 8. Calculate the remainder when (i/(-9) - 1)*-33 is divided by (-34)/(-2) + (-4 - 1).
10
Suppose 36 = -2*c + 5*c. What is the remainder when 13 + 1 + 6 + 1 is divided by c?
9
Suppose -34*j + 35*j = 5*a + 81, 0 = -j - 3*a + 73. What is the remainder when j is divided by 44?
32
Let l be 430/(-15) - (-1)/(-9)*3. What is the remainder when 58 is divided by l/174 - (-145)/6?
10
Let t = 3393 + -1414. Calculate the remainder when t is divided by 18.
17
Suppose -12*h + 7*h + 2*k + 98 = 0, -3*k - 48 = -2*h. What is the remainder when 118 is divided by h?
10
Let k = -6 - -3. What is the remainder when 6/(-21) - 1418/(-14) is divided by 39/(-9)*k*2?
23
Let i(t) = 6*t**2 - 2*t - 196. Calculate the remainder when i(9) is divided by 13.
12
Suppose -5*d + 324 = -181. Calculate the remainder when d is divided by 15.
11
Let u(v) = 3*v**2 + 4*v + 4. Let g = 7 - 14. Calculate the remainder when u(g) is divided by 18.
15
Suppose -37*u = -39*u + 48. Let n = 33 - u. Suppose -2*i = 3*i - 30. Calculate the remainder when n is divided by i.
3
Let w(h) = -3*h - 1. Let j be w(2). Suppose x = 15 + 21. Calculate the remainder when x is divided by (-131)/j + (-6)/(-21).
17
Let g(d) = 2*d - 4*d + d + 23 + 5*d. What is the remainder when g(12) is divided by 30?
11
Calculate the remainder when 413 is divided by (-1 - -5)*(0 - (2 + -6)).
13
Let t = 10 - 5. Suppose -2*r = -3 - t. Let d(b) = -b**3 + 20*b**2 - 3*b + 70. What is the remainder when d(20) is divided by r?
2
Let i(d) = -6*d + 148. What is the remainder when i(-37) is divided by 94?
88
Let w = -51 - -93. Let x = 19 + -17. Suppose x*b + w = 5*b. What is the remainder when b is divided by 5?
4
Let o(k) = -k**3 + 2*k**2 + 9*k - 9. Let n be o(5). Suppose 5*z + 0 = -35. Let c = z - n. Calculate the remainder when 127 is divided by c.
31
Let x be (-36)/(-16)*(-8)/(-3). Let l = 11 - x. Calculate the remainder when l is divided by 4.
1
Suppose -3*z + 59 = -z - i, -28 = -z + 2*i. Calculate the remainder when 117 is divided by z.
27
Let f(w) be the first derivative of -w**4/4 - 7*w**3/3 + w**2 - 4*w - 18. Calculate the remainder when f(-9) is divided by 16.
12
Let s = 654 + -641. What is the remainder when 43 is divided by s?
4
Suppose -420 = -5*x - 5*g, 0 = -2*x + g + 6 + 162. Suppose 4*c - 73 = -5*a, 6*c = 5*a + 3*c - 94. Calculate the remainder when x is divided by a.
16
Suppose 4*k - 8*k = 8. Let y be (2 + 0)*1 + k. Suppose 36 = 4*n + h, y = n - h - 4*h - 30. What is the remainder when 37 is divided by n?
7
Suppose -5*s = -7 - 13. What is the rem